 4?
2
-4 (base 15) to base 7
-4
10121 (base 3) to base 5
342
Convert 3 (base 8) to base 5.
3
Convert -10 (base 2) to base 15.
-2
Convert -2 (base 8) to base 6.
-2
What is -223 (base 4) in base 14?
-31
What is 0 (base 4) in base 16?
0
Convert -1120 (base 3) to base 12.
-36
What is 354 (base 6) in base 9?
167
Convert 6 (base 15) to base 8.
6
Convert 142 (base 6) to base 3.
2022
What is 2 (base 9) in base 7?
2
What is -17 (base 10) in base 9?
-18
11 (base 8) to base 6
13
Convert 30 (base 7) to base 13.
18
What is 164 (base 9) in base 7?
256
What is -2 (base 11) in base 9?
-2
-520 (base 7) to base 14
-147
Convert 1 (base 3) to base 8.
1
Convert 10 (base 6) to base 10.
6
What is 1 (base 14) in base 7?
1
What is -15 (base 14) in base 15?
-14
What is -ca (base 16) in base 7?
-406
5 (base 16) to base 7
5
-1110 (base 2) to base 7
-20
4 (base 13) to base 11
4
What is 121 (base 3) in base 4?
100
What is 1c (base 16) in base 11?
26
Convert 51 (base 8) to base 2.
101001
What is -353 (base 8) in base 12?
-177
Convert -433 (base 5) to base 6.
-314
What is -1 (base 15) in base 8?
-1
Convert -b (base 14) to base 11.
-10
-198 (base 12) to base 13
-170
What is 4 (base 7) in base 8?
4
-12 (base 5) to base 14
-7
Convert 0 (base 7) to base 8.
0
Convert b (base 15) to base 2.
1011
What is -101 (base 4) in base 9?
-18
2 (base 9) to base 3
2
What is -a (base 12) in base 4?
-22
Convert 13 (base 9) to base 14.
c
-5 (base 10) to base 15
-5
What is 4 (base 13) in base 12?
4
What is 443 (base 6) in base 8?
253
What is 6 (base 10) in base 11?
6
1102 (base 3) to base 14
2a
Convert -8 (base 14) to base 16.
-8
0 (base 11) to base 16
0
Convert -1 (base 6) to base 12.
-1
10 (base 7) to base 14
7
25 (base 8) to base 14
17
What is 130 (base 5) in base 7?
55
Convert -3 (base 12) to base 7.
-3
Convert -17 (base 11) to base 10.
-18
Convert -65 (base 13) to base 4.
-1103
Convert 1 (base 13) to base 12.
1
Convert 9 (base 15) to base 16.
9
What is 0 (base 11) in base 16?
0
1a (base 12) to base 5
42
What is -28 (base 14) in base 10?
-36
What is -113 (base 6) in base 15?
-30
183 (base 14) to base 5
2221
Convert c (base 16) to base 10.
12
Convert -5 (base 6) to base 7.
-5
What is -a (base 15) in base 6?
-14
-30 (base 12) to base 5
-121
-11 (base 2) to base 3
-10
What is 31 (base 6) in base 7?
25
42 (base 8) to base 15
24
What is -1 (base 13) in base 4?
-1
Convert c (base 14) to base 8.
14
Convert 1 (base 14) to base 5.
1
21 (base 5) to base 13
b
Convert 2 (base 15) to base 12.
2
5 (base 7) to base 4
11
75 (base 10) to base 8
113
What is -111022 (base 3) in base 11?
-2a7
What is 4 (base 12) in base 2?
100
What is -3 (base 6) in base 10?
-3
-10 (base 3) to base 4
-3
Convert 4 (base 13) to base 14.
4
What is -5 (base 12) in base 10?
-5
1 (base 16) to base 4
1
110 (base 4) to base 5
40
What is 2d (base 16) in base 10?
45
What is 4 (base 7) in base 2?
100
What is -5 (base 15) in base 16?
-5
What is 1234 (base 5) in base 8?
302
10 (base 3) to base 14
3
Convert 17 (base 9) to base 16.
10
5 (base 6) to base 2
101
Convert 5 (base 8) to base 2.
101
3 (base 8) to base 14
3
What is -11 (base 12) in base 8?
-15
Convert 1 (base 6) to base 7.
1
Convert -5 (base 12) to base 6.
-5
Convert -3 (base 13) to base 11.
-3
10000 (base 2) to base 12
14
1 (base 13) to base 15
1
Convert 54 (base 15) to base 2.
1001111
-1 (base 5) to base 9
-1
Convert 9c (base 13) to base 7.
243
What is -11 (base 5) in base 12?
-6
Convert 93 (base 10) to base 13.
72
Convert -34 (base 10) to base 12.
-2a
Convert -10111 (base 2) to base 11.
-21
What is 202 (base 3) in base 10?
20
What is 4 (base 12) in base 2?
100
Convert 2 (base 13) to base 8.
2
What is 6 (base 12) in base 9?
6
-5 (base 12) to base 13
-5
Convert -2 (base 15) to base 7.
-2
Convert -49 (base 11) to base 9.
-58
What is 4 (base 9) in base 11?
4
Convert 7 (base 9) to base 5.
12
What is 210 (base 3) in base 14?
17
5 (base 7) to base 4
11
Convert 1010 (base 2) to base 12.
a
Convert -11 (base 8) to base 10.
-9
Convert 11 (base 8) to base 7.
12
-20 (base 5) to base 7
-13
605 (base 7) to base 5
2144
34 (base 13) to base 9
47
Convert 421 (base 5) to base 9.
133
-202 (base 4) to base 15
-24
What is -4 (base 16) in base 4?
-10
Convert -1 (base 13) to base 3.
-1
Convert 3 (base 4) to base 8.
3
What is 2 (base 14) in base 10?
2
-2 (base 8) to base 7
-2
Convert 110 (base 2) to base 10.
6
Convert -213 (base 8) to base 16.
-8b
-2 (base 10) to base 14
-2
Convert 8 (base 10) to base 14.
8
What is 2 (base 5) in base 2?
10
Convert c (base 14) to base 11.
11
Convert -40 (base 7) to base 10.
-28
What is -7b (base 13) in base 4?
-1212
8 (base 10) to base 7
11
Convert 2 (base 3) to base 7.
2
3 (base 10) to base 14
3
Convert 20 (base 6) to base 15.
c
Convert b (base 13) to base 14.
b
Convert -10 (base 2) to base 6.
-2
What is b2 (base 13) in base 11?
122
Convert -12 (base 12) to base 3.
-112
635 (base 7) to base 12
228
What is -2 (base 5) in base 10?
-2
Convert -15 (base 8) to base 2.
-1101
Convert 31 (base 7) to base 6.
34
-2 (base 3) to base 8
-2
What is -18b (base 12) in base 5?
-2001
11 (base 10) to base 7
14
What is 14 (base 14) in base 6?
30
What is -41 (base 13) in base 3?
-1222
What is 1c (base 15) in base 11?
25
Convert 3 (base 6) to base 3.
10
Convert -3b (base 13) to base 5.
-200
What is 1 (base 8) in base 3?
1
What is -5 (base 15) in base 4?
-11
Convert -6 (base 13) to base 7.
-6
Convert 3 (base 16) to base 8.
3
-13 (base 6) to base 2
-1001
10 (base 4) to base 13
4
What is -2 (base 7) in base 16?
-2
Convert -101 (base 2) to base 13.
-5
Convert -1 (base 15) to base 5.
-1
-b (base 12) to base 15
-b
Convert -2 (base 4) to base 8.
-2
What is 11 (base 2) in base 15?
3
What is 2 (base 16) in base 3?
2
What is 25 (base 9) in base 3?
212
-8 (base 16) to base 15
-8
9 (base 12) to base 6
13
Convert 1 (base 14) to base 3.
1
-2c (base 13) to base 7
-53
21 (base 10) to base 9
23
0 (base 9) to base 2
0
-1 (base 16) to base 10
-1
55 (base 7) to base 13
31
What is -138 (base 15) in base 7?
-545
What is 14 (base 11) in base 9?
16
-1 (base 6) to base 14
-1
Convert 54 (base 13) to base 11.
63
Convert -b (base 14) to base 11.
-10
What is 10 (base 2) in base 10?
2
50 (base 10) to base 2
110010
Convert -a (base 13) to base 12.
-a
What is -40 (base 12) in base 13?
-39
Convert -8 (base 15) to base 13.
-8
-5 (base 10) to base 7
-5
What is -23 (base 8) in base 2?
-10011
-12 (base 4) to base 8
-6
7 (base 11) to base 8
7
231 (base 4) to base 3
1200
What is 222 (base 6) in base 13?
68
What is -100100 (base 2) in base 8?
-44
What is -166 (base 7) in base 13?
-76
What is -22 (base 13) in base 12?
-24
What is -2 (base 3) in base 2?
-10
Convert 3 (base 14) to base 16.
3
29 (base 10) to base 7
41
What is 21110 (base 3) in base 10?
201
What is -1c (base 15) in base 14?
-1d
What is -224 (base 7) in base 13?
-8c
-6 (base 16) to base 7
-6
-5 (base 6) to base 7
-5
What is 68 (base 10) in base 8?
104
-36 (base 13) to base 9
-50
What is -10 (base 2) in base 7?
-2
10 (base 4) to base 9
4
Convert 444 (base 8) to base 6.
1204
22 (base 10) to base 8
26
Convert -1001 (base 2) to base 15.
-9
What is -1 (base 13) in base 3?
-1
-37 (base 14) to base 10
-49
-4 (base 9) to base 16
-4
Convert -6 (base 10) to base 3.
-20
Convert -11 (base 9) to base 13.
-a
Convert 161 (base 8) to base 6.
305
24 (base 7) to base 16
12
What is 12 (base 4) in base 10?
6
Convert 3 (base 7) to base 10.
3
110 (base 2) to base 6
10
2 (base 8) to base 16
2
Convert -1 (base 13) to base 12.
-1
What is -10 (base 14) in base 5?
-24
Convert -3 (base 14) to base 16.
-3
Convert 12 (base 7) to base 6.
13
Convert -1b (base 12) to base 7.
-32
What is 3 (base 12) in base 13?
3
-35 (base 6) to base 10
-23
Convert -10 (base 2) to base 12.
-2
Convert -1 (base 5) to base 2.
-1
-40 (base 10) to base 15
-2a
Convert 8 (base 12) to base 13.
8
What is 1110 (base 5) in base 4?
2123
What is 2 (base 12) in base 8?
2
-111 (base 2) to base 9
-7
-20 (base 3) to base 9
-6
What is -10 (base 6) in base 5?
-11
Convert 4 (base 8) to base 16.
4
What is -5 (base 12) in base 4?
-11
-26 (base 7) to base 3
-202
Convert 0 (base 2) to base 10.
0
What is 16 (base 11) in base 8?
21
Convert -1 (base 9) to base 8.
-1
Convert 5 (base 10) to base 7.
5
Convert 0 (base 16) to base 9.
0
What is -d (b